a composite number?
True
Is 15078/(-30)*(-3 + -2) prime?
False
Suppose 0 = -35*c + 32*c - 15, -2*u + 149462 = 4*c. Is u composite?
True
Suppose -4*u + 28503 = a, 2*a - 2*u - 41908 = 15118. Is a a composite number?
True
Let y = -6 + 16. Suppose 3*m - 6 = 0, -2*m - 2 + y = -4*k. Is 584 + (-2 - 1)*k a composite number?
False
Let y be -2 - (-3)/12*0. Let h be -1 - 10 - y/(-1). Let p(c) = -c**3 - 13*c**2 - 4*c - 6. Is p(h) a prime number?
False
Let r(w) = 2*w**2 + 9*w - 4. Let b(u) = -3*u**2 - 18*u + 9. Let x(v) = -3*b(v) - 5*r(v). Let q be x(8). Is (1/(-2)*-794)/q composite?
False
Suppose 178*r - 43895 = 173*r. Is r a composite number?
False
Let o(m) = -1861057*m**2 + 2305*m. Let q(l) = -3231*l**2 + 4*l. Let r(j) = 4*o(j) - 2305*q(j). Is r(-1) a prime number?
False
Suppose d + f + 3*f - 1403 = 0, 3*d - 4209 = 2*f. Is d composite?
True
Let c(a) = 2*a - 8. Let x be c(6). Is 425/5 - x/(-2) a prime number?
False
Let x(z) = 2*z**3 + 8*z**2 - 13*z + 4. Suppose -31*f + 20 = -27*f. Is x(f) composite?
False
Is ((44292/(-4))/(-3))/1 a composite number?
False
Suppose 19*y = 22*y - 42. Suppose -4*w = -50 - y. Is (-596)/w*1*-4 a composite number?
False
Let x = 2303 + -82. Is x prime?
True
Let j = -15525 + 21814. Is j prime?
False
Is ((-422)/5)/((-14)/35) a prime number?
True
Let g = 47757 + -27928. Is g a prime number?
False
Suppose -5*m - 4*a + 11755 = 0, 4*a - a = 2*m - 4702. Is m composite?
False
Is (3*(-28)/63)/(44/(-26301)) a composite number?
False
Is 574820/40*-4*(-1)/2 a prime number?
False
Let o = -255 - -2038. Let c = o + -932. Is c a composite number?
True
Suppose 0 = -0*y + 3*y + 6. Is (y/(4/(-3)))/(3/2174) a composite number?
False
Suppose 74*f - 69*f - 23045 = 0. Is f a prime number?
False
Is (-1 - (-5280)/18)/((-1)/(-3)) a composite number?
False
Suppose 5*y - 10 = -65. Let d = y - -92. Let g = d + -48. Is g a prime number?
False
Is ((-2)/3)/((-36)/67770) a composite number?
True
Let l = 148 - 156. Is (-90)/(-240) + (-469)/l a composite number?
False
Suppose 3*q - 3 = t - 0, q + 15 = 3*t. Let b(l) = 15*l**2 - 8*l + 13. Is b(t) prime?
False
Suppose 3*k = 2*d + 8, 2*k - 7 = -k + d. Suppose -k*s - 2*y + 3 = -3*y, -5*s + 15 = 5*y. Suppose s*z = -2*z - 2*u + 380, 8 = -2*u. Is z a composite number?
False
Let w = 12017 + -5460. Is w prime?
False
Let m = 1757 - 396. Is m composite?
False
Let o = -4049 - -13710. Is o a composite number?
False
Suppose -4*j + g + 3491 = 0, -3*g = -4*j - 4*g + 3501. Suppose -4*v + 3066 = j. Is v/8 - 1/(-2) a prime number?
False
Suppose 7*a + 210 + 35 = 0. Let j = a + 51. Suppose -818 = -j*x + 14*x. Is x composite?
False
Let g be -1 + 708 + 0 - 0. Suppose -2*o - 2*y = -y - 1405, -o = -4*y - g. Is o composite?
True
Let u be 2066/4 - (-8)/(-16). Suppose -5*b + 7*p + u = 3*p, 2*p = 2. Suppose 0*h = -5*q + 4*h + 227, -5*h = 2*q - b. Is q a prime number?
True
Is (177/9)/(2 + 735/(-369)) prime?
False
Is (-1048)/(-393) + (-4003)/(-3) composite?
True
Suppose 2450 + 3815 = 4*m + 3*y, 1555 = m + 3*y. Suppose 3*n - 3*l - 3150 = -n, 2*n - 4*l = m. Is n a prime number?
False
Let m = 8763 - 3724. Is m a prime number?
True
Suppose -4*m - 6*r + 5*r + 44454 = 0, 5*r + 10 = 0. Is m a prime number?
False
Suppose 28*c - 759 = 27*c. Suppose -2*z = -2*w - 3*w + 1251, 3*w + 3*z = c. Is w composite?
False
Is (-157268)/(-10) - ((-4)/20 - 0) a prime number?
True
Suppose -15*a = -26*a + 85723. Is a a composite number?
False
Let r(v) = -142*v - 475. Is r(-11) composite?
False
Let p(c) = 4*c + 4601. Is p(0) a composite number?
True
Let k = -1056 + 457. Let m = k - -1744. Is m a composite number?
True
Suppose -31 = -4*o + 5*q - 5, -5*o + 10 = 5*q. Let i(v) = 79*v + 19. Is i(o) a composite number?
True
Let a(x) = 214*x**2 - x. Let j(l) = -2*l**2 - 3*l + 1. Let q be j(-3). Let v be q/10 - 2/10. Is a(v) a composite number?
True
Let u(v) = -v**3 - 8*v**2 - 8*v. Let y be u(-7). Suppose 11*g - 16 = y*g. Suppose q = 3*k + 16, -5*q + 50 = -k - g*k. Is q a composite number?
False
Let t(n) = -n**3 - 16*n**2 + 10. Let l be t(-16). Suppose -7*o = -l*o + 3957. Is o a prime number?
True
Suppose -680 = -f - 3*f. Let q(i) = 7*i**3 + 3*i**2 + i + 3. Let j be q(2). Let p = f - j. Is p a prime number?
True
Let g be (-4)/2 + (5 - 4). Let h be (g + 54)/(6 + -5). Suppose -6*z - h = -7*z. Is z prime?
True
Is (1 + (-66426)/(-12))*4/6 prime?
True
Let a = 4 - -1. Suppose -s = a*n - 772, 4*s + n = -s + 3980. Is s composite?
False
Let n = -589 + 535. Suppose 0 = 2*z - 45 + 107. Let p = z - n. Is p prime?
True
Let g(h) be the second derivative of 3*h**3/2 + 2*h**2 + 4*h. Suppose -3*t - t + 3*a + 14 = 0, 15 = 5*t - 5*a. Is g(t) a composite number?
True
Suppose -3*g - 5*x = -2*x - 2184, 20 = 4*x. Is g a composite number?
True
Let r = 10 + -6. Suppose r*j = -0*j + 4268. Is j a prime number?
False
Is ((-6472)/(-32))/((-6)/(-72)) composite?
True
Suppose -8639 = 2*c + 3*y, -3*y + 8604 = -2*c + y. Is (c + (1 - -5))*2/(-4) composite?
False
Let x(y) be the first derivative of 37*y**3 + 12. Is x(-1) a composite number?
True
Let w be 0 - 285/(-4 - -1). Suppose -l + 2*l - w = 0. Let v = -58 + l. Is v prime?
True
Let b(r) = 3*r**3 - 6*r**2 - 4*r + 5. Let q(p) = -p**3 - p + 1. Let m(o) = b(o) + 2*q(o). Let a be -1 + 13 - (12 + -10). Is m(a) a prime number?
True
Let k be ((-12)/(-30))/(1/5). Suppose -y + 2*z = 2*y - 761, -k*z = 2. Is y composite?
True
Let v(x) = 62*x - 7. Let n be -2 - 7 - (-2)/1. Let g be v(n). Is ((-4)/(-6))/((-6)/g) composite?
True
Suppose 4*p - 5 = 51. Suppose p*j - 11*j = 4101. Is j a composite number?
False
Let b(d) = -31751*d - 451. Is b(-6) composite?
True
Suppose m + 1 = 2*m. Let b = m - -1. Suppose -b*t = 2*x - t - 43, 0 = -t - 3. Is x composite?
False
Suppose -32 = -3*i - i. Suppose 0 = -i*s + 6*s + 98. Is s composite?
True
Is 9111 - (5 + -5 + 0) a prime number?
False
Let h(i) = 16*i**2 - 2*i - 5. Is h(-4) a composite number?
True
Suppose 178*o = 172*o + 76662. Is o a prime number?
False
Suppose -4*x - 2*r + 0*r = -22, -3*r - 3 = -3*x. Let i(j) = 3*j - 18. Let h be i(7). Suppose x*p = h*s - 86 + 972, -3*p + 659 = -5*s. Is p composite?
False
Let t(f) = 390*f**3 - 2*f**2 + 2*f - 1. Let s(w) = 2*w + 19. Let d be s(-9). Is t(d) a composite number?
False
Let v(z) = z**2 - z - 3. Let q be 6/((-1)/((-3)/6)). Let t be v(q). Suppose 0 = -4*w - w - 2*i + 339, -i = t*w - 203. Is w a composite number?
False
Let c(z) = 20*z**2 - 5*z + 8. Let s be c(-6). Let h = -441 + s. Is h prime?
True
Let r = 3009 + 3628. Is r composite?
False
Let r = -41 - -42. Is r/(4/400) - 3 a prime number?
True
Suppose 89215 = 2*m - 251175. Is m a composite number?
True
Let m = -6 + 9. Let d(s) = -2*s + 4. Let p be d(-3). Suppose -3*h - 4*q + 43 = 0, -m*q + 2 = -p. Is h composite?
True
Let i be ((-3)/6)/((-2)/8). Let y be (-6)/(-3) - (i + -4). Suppose -y*u + 2*m + 512 = 0, 10 - 141 = -u + 2*m. Is u prime?
True
Let z = -9 - -13. Suppose z*w - 93 = w. Let p = 105 - w. Is p a prime number?
False
Suppose s + 4 - 6 = 0, -10 = w - 5*s. Suppose w = 7*l + 3*l - 3460. Is l composite?
True
Let w(j) = 116*j**3 + 2*j**2 - 2*j + 2. Let t be 60/27 - 6/27. Let p be w(t). Is p/14 + (-8)/(-28) a prime number?
True
Let d = 3478 + -51. Is d composite?
True
Suppose 5*q - 18 - 2 = 0. Let f(g) = 34*g - 9. Is f(q) composite?
False
Let j(a) be the first derivative of 3*a - 7/2*a**2 - 3. Is j(-5) composite?
True
Suppose 0 = -13*x + 19521 + 7714. Is x a prime number?
False
Let q(m) = 8*m + 14. Let n be q(-1). Is (-529)/(n/2 + -4) prime?
False
Let d(k) = -43*k + 13. Let p be d(6). Is 1 - 9/7 - 181125/p a prime number?
True
Suppose 3*l - 916 = -p + 777, -p = -5*l + 2827. Is l a composite number?
True
Let t be -4 + 5 + -215 - -2. Let k = 339 + t. Is k a composite number?
False
Suppose 4*b - 19517 = -3*z + 63840, -b = 5*z - 138951. Is z composite?
False
Suppose -15 = -5*v + 2*h - h, -v + 12 = -2*h. Let k be (-1)/(v + (-36)/16). Suppose -k*p - 296 + 892 = 0. Is p a prime number?
True
Suppose 28192 = 3*d - 5075. Is d prime?
False
Let x(d) = -771*d + 197. Is x(-28) a composite number?
True
Suppose 4*w = 4*l + 39768, 4*w + 2*l = -3*l + 39759. Is w a composite number?
False
Let l = 77 - 76. Is (l/2*79)/(5/170) a composite number?
True
Let x = 271 - 472. Let l = x + 1054. Is l a composite number?
False
Let f = 103 - 13. Let g = 235 - f. I